True
Does 23 divide 401?
False
Does 20 divide 4437?
False
Is 71 a factor of 71?
True
Is 120 a factor of 93600?
True
Is 1615 a multiple of 19?
True
Does 4 divide 1928?
True
Is 339 a multiple of 11?
False
Is 61 a factor of 56334?
False
Is 72 a factor of 288?
True
Is 35 a factor of 62508?
False
Does 14 divide 158428?
False
Is 19 a factor of 1767?
True
Is 55 a factor of 2618?
False
Is 1152 a multiple of 9?
True
Does 194 divide 79352?
False
Is 80 a multiple of 8?
True
Is 45 a multiple of 19?
False
Does 27 divide 96296?
False
Is 17 a factor of 1870?
True
Does 4 divide 1325?
False
Is 14 a factor of 3640?
True
Does 9 divide 4864?
False
Does 25 divide 19122?
False
Is 23028 a multiple of 15?
False
Is 9521 a multiple of 39?
False
Does 24 divide 2386?
False
Does 30 divide 1290?
True
Does 12 divide 192?
True
Is 2896 a multiple of 16?
True
Is 181 a factor of 18281?
True
Is 13237 a multiple of 217?
True
Is 4455 a multiple of 5?
True
Is 1155 a multiple of 64?
False
Does 5 divide 3550?
True
Is 12832 a multiple of 4?
True
Is 6355 a multiple of 31?
True
Is 2571 a multiple of 132?
False
Is 17 a factor of 226?
False
Does 9 divide 189?
True
Does 13 divide 223?
False
Is 8817 a multiple of 167?
False
Is 4757 a multiple of 124?
False
Is 4 a factor of 7966?
False
Does 20 divide 3700?
True
Does 63 divide 70308?
True
Does 15 divide 615?
True
Is 6091 a multiple of 7?
False
Is 11 a factor of 17379?
False
Does 29 divide 7007?
False
Is 1386 a multiple of 66?
True
Is 65 a factor of 65?
True
Is 720 a multiple of 13?
False
Is 4470 a multiple of 5?
True
Is 35 a factor of 140?
True
Does 22 divide 3146?
True
Is 180 a multiple of 3?
True
Does 10 divide 445?
False
Is 77 a factor of 24794?
True
Is 15 a factor of 3504?
False
Is 226 a multiple of 12?
False
Is 905 a multiple of 79?
False
Is 152 a factor of 11096?
True
Is 15 a factor of 1500?
True
Is 6525 a multiple of 45?
True
Is 22968 a multiple of 18?
True
Does 5 divide 264?
False
Is 29 a factor of 3161?
True
Is 41 a factor of 51947?
True
Is 5950 a multiple of 17?
True
Is 42 a factor of 96684?
True
Is 52 a factor of 9543?
False
Is 15092 a multiple of 77?
True
Is 149 a factor of 27565?
True
Does 71 divide 8875?
True
Is 27 a factor of 1080?
True
Is 7 a factor of 686?
True
Is 414 a multiple of 23?
True
Is 18 a factor of 18112?
False
Does 62 divide 17130?
False
Is 39 a factor of 4258?
False
Does 3 divide 30?
True
Does 7 divide 86?
False
Is 4 a factor of 1631?
False
Is 68 a factor of 9766?
False
Does 201 divide 23501?
False
Does 18 divide 1818?
True
Is 11704 a multiple of 192?
False
Does 16 divide 819?
False
Is 109 a factor of 4360?
True
Is 5 a factor of 3635?
True
Does 3 divide 6896?
False
Is 48 a factor of 1267?
False
Does 75 divide 18297?
False
Is 54162 a multiple of 74?
False
Is 15517 a multiple of 171?
False
Is 17 a factor of 61693?
True
Is 1700 a multiple of 17?
True
Does 25 divide 3175?
True
Does 29 divide 2088?
True
Is 11 a factor of 3345?
False
Is 51704 a multiple of 92?
True
Is 101 a factor of 10302?
True
Does 22 divide 2583?
False
Does 244 divide 35868?
True
Is 2337 a multiple of 57?
True
Does 66 divide 1848?
True
Is 6177 a multiple of 87?
True
Is 836 a multiple of 23?
False
Is 195 a multiple of 17?
False
Does 9 divide 6156?
True
Is 4 a factor of 1548?
True
Does 95 divide 2470?
True
Is 10 a factor of 725?
False
Is 14 a factor of 1164?
False
Is 10 a factor of 3450?
True
Is 11 a factor of 3913?
False
Does 63 divide 10458?
True
Is 3005 a multiple of 5?
True
Does 23 divide 4529?
False
Is 2532 a multiple of 171?
False
Does 46 divide 1467?
False
Is 67956 a multiple of 21?
True
Does 17 divide 459?
True
Is 3 a factor of 4270?
False
Does 15 divide 90945?
True
Is 6549 a multiple of 11?
False
Is 16 a factor of 5360?
True
Is 82224 a multiple of 12?
True
Is 6 a factor of 76250?
False
Does 80 divide 8240?
True
Is 4 a factor of 19012?
True
Is 4 a factor of 1668?
True
Is 195 a factor of 14820?
True
Does 10 divide 556?
False
Is 19 a factor of 11903?
False
Is 2 a factor of 338?
True
Is 62 a factor of 94316?
False
Does 23 divide 5862?
False
Is 2160 a multiple of 10?
True
Does 61 divide 3660?
True
Is 1870 a multiple of 55?
True
Is 3 a factor of 29?
False
Does 32 divide 6171?
False
Is 741 a multiple of 19?
True
Is 8 a factor of 161?
False
Is 51155 a multiple of 65?
True
Does 19 divide 5491?
True
Does 2 divide 22?
True
Is 19863 a multiple of 14?
False
Is 3 a factor of 1714?
False
Does 7 divide 1673?
True
Is 110617 a multiple of 23?
False
Is 41 a factor of 494?
False
Does 53 divide 1643?
True
Is 4 a factor of 7240?
True
Is 1104 a multiple of 48?
True
Is 918 a multiple of 27?
True
Is 1365 a multiple of 13?
True
Is 83 a factor of 581?
True
Is 672 a multiple of 14?
True
Is 46508 a multiple of 4?
True
Does 4 divide 12580?
True
Is 4405 a multiple of 34?
False
Is 4 a factor of 6501?
False
Does 222 divide 25217?
False
Is 780 a multiple of 13?
True
Is 5 a factor of 33495?
True
Is 4 a factor of 294?
False
Is 84 a factor of 2861?
False
Is 26 a factor of 13130?
True
Does 38 divide 1623?
False
Is 130 a multiple of 113?
False
Is 10499 even?
False
Is 12 a factor of 78?
False
Is 62 a factor of 372?
True
Does 58 divide 1856?
True
Does 66 divide 2403?
False
Is 3917 even?
False
Is 34 a factor of 5778?
False
Is 67 a factor of 2613?
True
Does 48 divide 171?
False
Does 4 divide 123?
False
Does 112 divide 5369?
False
Does 8 divide 512?
True
Is 13 a factor of 8966?
False
Is 26 a factor of 833?
False
Is 13299 a multiple of 39?
True
Does 26 divide 702?
True
Is 63238 a multiple of 20?
False
Is 20 a factor of 1334?
False
Does 18 divide 8082?
True
Is 2679 a multiple of 24?
False
Is 8 a factor of 456?
True
Is 169 a multiple of 25?
False
Does 124 divide 9548?
True
Does 126 divide 10584?
True
Does 53 divide 22508?
False
Does 46 divide 388?
False
Does 21 divide 4973?
False
Does 21 divide 3318?
True
Is 13148 a multiple of 76?
True
Is 3015 a multiple of 67?
True
Is 13321 a multiple of 39?
False
Is 17314 a multiple of 11?
True
Is 7 a factor of 62231?
False
Is 100 a multiple of 4?
True
Is 49 a factor of 441?
True
Does 4 divide 432?
True
Is 756 a multiple of 54?
True
Is 52 a factor of 6204?
False
Does 174 divide 11278?
False
Is 11418 a multiple of 101?
False
Is 20 a factor of 17801?
False
Does 26 divide 67574?
True
Does 68 divide 4261?
False
Is 16 a factor of 641?
False
Is 780 a multiple of 15?
True
Is 140 a multiple of 21?
False
Is 17 a factor of 5134?
True
Is 6085 a multiple of 4?
False
Is 7762 even?
True
Is 69 a factor of 6445?
False
Is 18 a factor of 143?
False
Is 23 a multiple of 23?
True
Does 259 divide 52577?
True
Does 90 divide 630?
True
Is 730 a multiple of 5?
True
Is 10 a factor of 190?
True
Is 6 a factor of 63?
False
Is 9 a factor of 23?
False
Does 80 divide 20062?
False
Does 40 divide 6240?
True
Is 128 a factor of 16512?
True
Is 18 a factor of 9119?
False
Is 31 a factor of 1829?
True
Does 16 divide 1968?
True
Is 27 a factor of 1064?
False
Does 11 divide 455?
False
Is 2 a factor of 283?
False
Does 36 divide 4680?
True
Is 16 a factor of 4464?
True
Is 169 a factor of 5396?
False
Does 5 divide 28?
False
Does 294 divide 27342?
True
Does 10 divide 70?
True
Is 7 a factor of 39?
False
Does 26 divide 35385?
False
Is 3 a factor of 234?
True
Is 936 a multiple of 104?
True
Is 127 a factor of 57785?
True
Is 40 a factor of 4985?
False
Is 360 a multiple of 3?
True
Does 22 divide 1870?
True
Does 37 divide 1674?
False
Is 21 a factor of 1092?
True
Is 360 a multiple of 30?
True
Does 144 divide 14688?
True
Is 16 a multiple of 2?
True
Is 40644 a multiple of 12?
True
Does 10 divide 4040?
True
Is 2112 a multiple of 6?
True
Is 2184 a multiple of 84?
True
Does 4 divide 660?
True
Is 25 a factor of 1311?
False
Is 15 a factor of 46305?
True
Is 1741 even?
False
Is 1403 a multiple of 100?
False
Does 13 divide 22330?
False
Is 90 a multiple of 57?
False
Is 21 a factor of 777?
True
Is 39 a factor of 538?
False
Is 30 a factor of 3464?
False
Is 306 a multiple of 34?
True
Does 11 divide 388?
False
Is 19 a factor of 5111?
True
Is 3657 a multiple of 69?
True
Is 189 a multiple of 21?
True
Is 6810 a multiple of 10?
True
Does 323 divide 87210?
True
Is 3 a factor of 278?
False
Is 37 a factor of 57556?
False
Does 6 divide 186?
True
Is 72 a factor of 3985?
False
Is 639 a multiple of 27?
False
Is 18989 a multiple o